e
Is 5329199 a prime number?
True
Is 25018571 a prime number?
True
Is 19450333 prime?
False
Is 2205149 composite?
False
Is 5124991 prime?
True
Is 24139057 a prime number?
True
Is 218183065 a prime number?
False
Is 3524647429 composite?
False
Is 10635643 a composite number?
True
Is 220172189 composite?
False
Is 33095477 prime?
True
Is 88283863 a prime number?
False
Is 113186723 a prime number?
False
Is 185152793 prime?
False
Is 1772047 composite?
False
Is 21765901 prime?
True
Is 19943579 a composite number?
False
Is 54176351 a prime number?
False
Is 2534009 composite?
False
Is 914947 a prime number?
False
Is 7078859 a prime number?
True
Is 204691507 prime?
True
Is 7501027 a prime number?
True
Is 24289843 prime?
True
Is 226540523 prime?
False
Is 8459471 a composite number?
False
Is 1834249 prime?
False
Is 2692007 a prime number?
False
Is 120437 a composite number?
True
Is 444050927 prime?
False
Is 60584473 a prime number?
True
Is 736171 prime?
False
Is 11177873 composite?
True
Is 6889459 a composite number?
True
Is 15598249 prime?
False
Is 58335227 a prime number?
True
Is 10293179 a prime number?
False
Is 20013254 composite?
True
Is 27570227 a composite number?
False
Is 44477767 prime?
True
Is 3663059 a composite number?
False
Is 2096681 prime?
True
Is 1466467 prime?
False
Is 495792169 a prime number?
True
Is 69172087 a prime number?
True
Is 7412077 composite?
True
Is 1653139 composite?
True
Is 2675279 a composite number?
True
Is 412218713 a prime number?
True
Is 2947999 prime?
True
Is 7361583 composite?
True
Is 6515539 a composite number?
True
Is 48828433 a composite number?
False
Is 15171133 composite?
True
Is 3490759 a composite number?
True
Is 29524135 a prime number?
False
Is 6984507 composite?
True
Is 72113029 a prime number?
True
Is 82434761 composite?
False
Is 531029 a composite number?
True
Is 2149405 prime?
False
Is 234395471 a composite number?
True
Is 76523437 a composite number?
True
Is 59713399 prime?
True
Is 27049629 composite?
True
Is 289761953 a composite number?
True
Is 1092961 a composite number?
False
Is 507647083 a prime number?
True
Is 5856047 composite?
True
Is 2656649 prime?
True
Is 377923783 a prime number?
True
Is 1020073 composite?
True
Is 226495489 a prime number?
False
Is 989034667 prime?
True
Is 15721241 composite?
False
Is 70671 a composite number?
True
Is 26061754 prime?
False
Is 17894779 a composite number?
True
Is 22283147 composite?
False
Is 54917143 a prime number?
False
Is 72269 composite?
False
Is 1820635 prime?
False
Is 1554749 a prime number?
False
Is 7691331 prime?
False
Is 1291019 a composite number?
False
Is 848641 a composite number?
True
Is 18981617 composite?
False
Is 38444677 prime?
True
Is 327245689 a prime number?
True
Is 14969 prime?
True
Is 526087 a composite number?
False
Is 19247362 a prime number?
False
Is 457033189 a composite number?
False
Is 343019 composite?
False
Is 4091717 a prime number?
False
Is 39507613 composite?
False
Is 3485617 a prime number?
True
Is 2324617 composite?
False
Is 1384829 a composite number?
False
Is 64221013 prime?
True
Is 186286801 prime?
False
Is 5945969 a composite number?
True
Is 36215951 a composite number?
True
Is 4303199 a prime number?
True
Is 848665 prime?
False
Is 976762 a prime number?
False
Is 39461569 composite?
True
Is 238969502 prime?
False
Is 10665617 a composite number?
True
Is 7999451 a prime number?
True
Is 111048551 prime?
True
Is 26962151 composite?
True
Is 8415293 a prime number?
True
Is 10989203 a composite number?
False
Is 336101 composite?
False
Is 31168273 a prime number?
True
Is 6112229 prime?
True
Is 49718273 prime?
False
Is 1801187 a prime number?
True
Is 9578617 composite?
False
Is 209621 a prime number?
True
Is 8260219 a prime number?
False
Is 8396617 a prime number?
True
Is 27499981 a prime number?
True
Is 6079607 a prime number?
True
Is 2097689 composite?
True
Is 9576691 prime?
True
Is 18467279 prime?
True
Is 347497 a prime number?
False
Is 1179843233 a prime number?
True
Is 37778383 a composite number?
True
Is 11058829 a prime number?
True
Is 59327869 a prime number?
False
Is 3612901 prime?
False
Is 100581549 a composite number?
True
Is 799644697 a prime number?
False
Is 3685949 a composite number?
False
Is 13904299 prime?
False
Is 18761983 a prime number?
True
Is 51596569 composite?
True
Is 12001799 prime?
True
Is 1192501 a composite number?
True
Is 1139042987 prime?
True
Is 423128341 prime?
True
Is 23948737 a composite number?
True
Is 47691869 prime?
True
Is 41650837 prime?
True
Is 2289013 a prime number?
True
Is 430146179 a composite number?
False
Is 184946467 composite?
True
Is 580889 composite?
False
Is 707321 a composite number?
False
Is 137993389 prime?
False
Is 18856213 prime?
False
Is 16979381 a prime number?
False
Is 4740929 composite?
True
Is 22063879 a composite number?
False
Is 2072189 composite?
True
Is 270247 composite?
True
Is 20709977 prime?
True
Is 13135249 prime?
False
Is 1278769 a prime number?
True
Is 39678173 prime?
False
Is 661989 a composite number?
True
Is 641901943 a prime number?
True
Is 57759947 composite?
True
Is 54552143 a prime number?
True
Is 6090487 prime?
False
Is 705829699 a prime number?
False
Is 322169929 a prime number?
False
Is 278782593 composite?
True
Is 573333911 prime?
False
Is 2147987 prime?
True
Is 6056047 a prime number?
False
Is 13345247 composite?
True
Is 12443969 a composite number?
False
Is 94646843 a prime number?
False
Is 801786389 composite?
True
Is 3246097 a prime number?
False
Is 11478317 a composite number?
False
Is 234021289 a composite number?
True
Is 463447 prime?
True
Is 4480747 a composite number?
True
Is 197503441 a prime number?
True
Is 68086553 prime?
False
Is 71116478 composite?
True
Is 183871445 composite?
True
Is 40123067 a composite number?
True
Is 4421 prime?
True
Is 18158099 a composite number?
False
Is 61466839 a prime number?
False
Is 7229129 prime?
True
Is 1693981 prime?
False
Is 160928589 composite?
True
Is 41039 a composite number?
False
Is 7802461 composite?
True
Is 96043589 a composite number?
True
Is 3153683 a composite number?
True
Is 145538369 a prime number?
True
Is 1172752853 a prime number?
False
Is 46584337 a composite number?
True
Is 402915137 a prime number?
False
Is 11780777 a composite number?
False
Is 312377071 a prime number?
False
Is 6678043 a composite number?
True
Is 13826222 a composite number?
True
Is 1653251 a prime number?
True
Is 90635477 a prime number?
False
Is 2455538 prime?
False
Is 81482099 a prime number?
True
Is 79758263 a composite number?
True
Is 12200263 a composite number?
False
Is 122943413 composite?
True
Is 3192811 prime?
False
Is 1329856441 prime?
True
Is 35529199 composite?
True
Is 13763291 composite?
True
Is 3085193 a prime number?
False
Is 58274 a composite number?
True
Is 152917351 composite?
False
Is 36955147 a composite number?
False
Is 10618193 a prime number?
False
Is 83957063 a prime number?
True
Is 15002173 composite?
False
Is 104008117 composite?
False
Is 152218933 a composite number?
False
Is 35440841 prime?
False
Is 28889033 composite?
True
Is 15708899 composite?
False
Is 122387 a prime number?
True
Is 866461 a composite number?
False
Is 82172291 prime?
True
Is 9692741 a prime number?
True
Is 61689937 composite?
False
Is 2708033 prime?
False
Is 276969017 prime?
False
Is 145873903 prime?
False
Is 189644513 prime?
True
Is 46005539 composite?
True
Is 6475853 a prime number?
False
Is 155730583 a prime number?
True
Is 22593237 composite?
True
Is 174506951 composite?
False
Is 2339719 composite?
False
Is 787861153 prime?
True
Is 2185327 prime?
False
Is 2181461 a composite number?
False
Is 20344999 a prime number?
False
Is 362437 prime?
False
Is 2449199 a prime number?
True
Is 778929 prime?
False
Is 11425837 a prime number?
True
Is 14850359 prime?
False
Is 1669243 composite?
False
Is 92241343 composite?
True
Is 38841769 a prime number?
True
Is 1354811 prime?
True
Is 17627609 a composite number?
False
Is 9479627 composite?
False
Is 3317231 a prime number?
True
Is 333269 a composite number?
False
Is 46846201 composite?
True
Is 9399601 a composite number?
False
Is 54496549 a composite number?
False
Is 24426757 composite?
False
Is 14587123 a prime number?
True
Is 158960369 a composite number?
False
Is 259121 a prim